 m(b) be the second derivative of b**5/20 + b**4/24 - b**2 + 2*b. Let v(a) be the first derivative of m(a). What is v(1)?
4
Suppose 14*i = -i - 75. Let c(d) = 10*d**3 + 8*d**2 - 6*d - 5. Let a(l) = 7*l**3 + 5*l**2 - 4*l - 3. Let u(w) = 7*a(w) - 5*c(w). What is u(i)?
-6
Suppose -10 = -8*l + 3*l. Suppose -l*a = 2*a. Let o(c) = c**2 - c - 1. Calculate o(a).
-1
Suppose 4*s + 3*m - 28 = -m, 30 = 5*s + 4*m. Suppose 2*u + s = 6. Suppose -2*n = -u*h + 6 - 2, 0 = 4*n. Let c(k) = -2*k**3 + 2*k**2 + 2*k - 2. Determine c(h).
-6
Let n be (-9)/6 + (-2)/(-4). Let p(h) = 17*h - 1. Give p(n).
-18
Let g(h) = h**3 + 4*h**2 + 2*h + 4. Let l be (-9 + 0 + 3 - -3)/1. Determine g(l).
7
Let c(x) be the third derivative of -1/6*x**3 + 1/120*x**6 - 1/24*x**4 + 1/60*x**5 + 0 + 2*x**2 + 0*x. Let u = 2 - 2. What is c(u)?
-1
Let h(w) be the first derivative of w**6/120 - w**5/60 + w**3/3 + 2*w**2 + 4. Let i(t) be the second derivative of h(t). Calculate i(0).
2
Let f(l) be the first derivative of 3*l**2 + l + 53. Calculate f(1).
7
Let d(p) = 6*p + 1. Let k(o) = -o**3 - 2*o**2 + 2*o + 3. Suppose -4 = 4*s + 4. Let h be k(s). Calculate d(h).
-5
Let x(t) = 10*t**2 + 2*t + 1. Suppose 3*b - 6*y + 2*y - 23 = 0, -2*b - 5*y = 0. Suppose -16 = -a + b*a. Let j be (4/(-8))/((-2)/a). What is x(j)?
9
Let i = 10 + -14. Let y(s) = -s**2 - 2*s + 5. Let r(x) be the second derivative of -x**3/6 - x**2/2 + 9*x. Let h(n) = -3*r(n) - y(n). Give h(i).
-6
Let r(v) = 4*v**3 - 1. Let o(y) = -y**2 - 6*y - 5. Let d be o(-4). Let w = d + 1. Suppose -w = -3*b - b. What is r(b)?
3
Let k(c) = c**3 + 2*c**2 - 4*c - 4. Let g(v) = v**2 - 3*v - 1. Let o = 6 - 4. Let j be g(o). Determine k(j).
-1
Let l(i) = -i**2 - 1. Let p(u) = 4*u**2 + u + 8. Let f(b) = -6*l(b) - p(b). Calculate f(-2).
8
Suppose 0 = -0*q + q - i, 5*q - 4*i = 4. Suppose d + q*d = 15. Suppose -z + d = -0. Let b(a) = -a**2 + 4*a - 1. Give b(z).
2
Let k(n) be the third derivative of -n**2 + 0*n - 2/3*n**3 + 0 + 1/24*n**4 + 1/60*n**5. Let m be (1*-2 - -2)*-1. What is k(m)?
-4
Let r = -15 + 13. Let k(f) = -3*f**2. Give k(r).
-12
Let j(f) = -f**2 - 7*f - 2. Let s be -3 - 0 - (-128)/(-32). What is j(s)?
-2
Let q(h) = h**3 - 5*h**2 - 2*h - 3. Let g = 1 - -4. Calculate q(g).
-13
Let o(x) = x**3 - 8*x**2 + 9*x - 1. Suppose -5*c + 45 = 10. What is o(c)?
13
Let u(q) be the third derivative of q**5/60 + q**4/4 - q**3/6 - 13*q**2. Give u(-6).
-1
Suppose 11 = 6*c - 13. Let w(j) = 2*j**3 + 3*j**2 + 4*j**3 - 6*j**2 - c*j - 2 - 5*j**3. Give w(4).
-2
Let a(o) = -o**2 + 4*o + 3. Let f(h) = 2*h**2 - 7*h - 5. Let t(x) = -7*a(x) - 4*f(x). Let w(r) = -r**3 - 20*r**2 - 20*r - 21. Let u be w(-19). Calculate t(u).
-5
Let o(a) = 11*a + a**2 - 18*a + 2*a. Let i(v) = 1. Let h(y) = -6*i(y) - o(y). Calculate h(5).
-6
Let l(z) = 5*z**3 + 4 + 5*z**2 - 5*z + 0 - 2*z**3. Let d(b) = b**2 - b + 1. Let x be (1/(-3))/((-6)/(-18)). Let p(i) = x*l(i) + 4*d(i). Calculate p(1).
-3
Let j(n) = -5*n + 4 + 9*n - 3*n. Determine j(-4).
0
Let n(c) = -c**3 + 4*c**2 - 4*c + 2. Let l(v) = v**2 - 4*v - 1. Let f be l(4). Let z = f - -2. Let h = 1 + z. Calculate n(h).
2
Let u(s) be the first derivative of s**2 + s - 1. Suppose -12*i + 16*i = -4. Give u(i).
-1
Let c(g) be the second derivative of -g**3/3 + g**2/2 + g. Suppose -5 = -3*v + 1. Let l be v - 2 - (-2)/2. What is c(l)?
-1
Let v(u) be the first derivative of -u**3/3 - 5*u**2 - 7*u - 4. Let g be v(-9). Let h(r) = r**3 - r**2 + r - 1. What is h(g)?
5
Let n be 9 - (-2 - -6)/(-4). Let p = 10 - n. Let c(w) be the first derivative of w**4/4 + w**3/3 - w**2/2 + 5*w + 1. What is c(p)?
5
Let z be 54/5 - (-1)/5. Let l be (-6)/12 + z/2. Let o(y) = 0*y + l - y + 0*y. What is o(5)?
0
Let d(s) = s**2 - 8*s + 3. Let z = 37 - 34. Determine d(z).
-12
Let p(w) = w + 5. Let r be (-12)/10*10/(-3). Let f = r - 9. Determine p(f).
0
Let l(f) be the first derivative of -f**4/4 - f**3 + 2*f**2 - 7*f - 30. Calculate l(-5).
23
Suppose -5*v + 31 = 1. Let j(u) = 2 + 5*u + 0*u - v*u. Determine j(1).
1
Let v(d) = -7*d**3 + 2*d**2 + 4*d. Let m(y) = -15*y**3 + 5*y**2 + 9*y. Let z(r) = 6*m(r) - 13*v(r). Determine z(-3).
3
Let u be (-1)/(3/6) + 8. Let w be 1*3/6*u. Let y(q) = 3*q**2 + 3*q + 2*q**3 + 2*q**2 - 2 - q**w. Determine y(-4).
2
Let u(g) = -4*g**2 - 1 + 2*g - 5*g**3 + g + 7*g**3. Suppose 0 = -3*q - 11 + 2. Let r(m) = -m**3 - 2*m**2 + 3*m + 2. Let t be r(q). Give u(t).
5
Let b(t) = t**3 + 4*t**2 + 4*t + 2. Let o be (-1 - 3/(-9))*(-18)/(-4). Calculate b(o).
-1
Let v(l) = 2*l - 2. Let w(z) be the third derivative of 2*z**2 + 0*z + 0 - z**3 + 1/24*z**4. Let g be w(3). Give v(g).
-8
Let a be (-5)/(-3) + (-7)/(-21). Let c(h) = 3*h. What is c(a)?
6
Let p(h) = -h**2 + h - 5. Let g(b) = b**2 + b + 2*b - 3*b + 2*b. Let r be g(-2). Determine p(r).
-5
Let y(m) = 2*m**3 + 5*m**2 + 3*m + 3. Let w(l) = -l**3 + 10*l**2 - 10*l + 13. Let u be w(9). Suppose 5 = u*q + 17. Calculate y(q).
-15
Let n = -8 - -12. Suppose -i = -5*j - 10 - 11, 2*j + 26 = -n*i. Let m(u) = -u**3 - 3*u**2 + 7*u + 6. Give m(i).
-6
Let i(p) = -4*p**2 - 4*p + 3. Let f(r) = -r**2. Let h(j) = -3*f(j) + i(j). Determine h(-5).
-2
Let f(v) be the first derivative of -v**3/3 + 3*v**2 - 4*v - 1. Suppose -k - k = s, -5*k - 2 = 2*s. Determine f(s).
4
Let p(r) = -r**2 + 3*r - 7. Let v(n) = -6 - 1 + n + n - n**2. Let h be 6/15 - (-51)/(-15). Let t(m) = h*v(m) + 4*p(m). Give t(5).
-2
Suppose 0*j = j - 4*w + 2, -4*j - 8 = w. Let h(o) = -o**3 - 2*o**2 - 2*o + 1. What is h(j)?
5
Let x(a) be the second derivative of 0 + 2/3*a**3 - 1/20*a**5 - 1/3*a**4 + 1/2*a**2 + 5*a. Calculate x(-5).
6
Let s(r) = r. Suppose -4*k + 8 = 2*g, 4*g - 7 = 2*g - 3*k. Suppose 3*w - 23 = -2*u, 4*u + u = g*w + 10. Let v be (u/3)/((-1)/3). Calculate s(v).
-4
Let l(x) = 4*x**3 + 0*x**3 - 3*x**2 + 2*x**2 + 0*x - x. Let d be l(-1). Let u(q) = q**3 + 5*q**2 + 4*q - 1. Give u(d).
-1
Let o(h) = -h**3 + 5*h**2 + h + 4. Let x be 1 - 1 - -4 - -1. What is o(x)?
9
Let z(s) = -s**3 + 5*s**2 + 6*s - 6. Let v(i) = i**3 - 4*i**2 - 5*i + 5. Let r(b) = b**2 - 9*b + 8. Let t be r(7). Let o(m) = t*v(m) - 5*z(m). Calculate o(0).
0
Let r = 23 - 23. Let n(y) = 4*y + 5 - 6 + r*y. What is n(1)?
3
Let v(x) = -3*x - 3. Let z(y) = 3*y + 4. Let a(u) = -5*v(u) - 4*z(u). What is a(3)?
8
Let o(y) = 2*y - 1. Let z = -56 + 53. Determine o(z).
-7
Let f(n) = -n**3 + 7*n**2 + 8*n + 3. Let r be f(8). Let p(l) be the first derivative of -l**2 + 5/3*l**3 - 1/4*l**4 - r*l + 1. Calculate p(4).
5
Let q(y) = y. Let l be q(0). Suppose -12 = z - 4*x, -4*x = -8 - l. Let s(f) be the second derivative of f**4/12 + f**3 + 5*f**2/2 + 3*f. Calculate s(z).
-3
Let t be ((-11)/(-4) - 2)*-8. Let w = t + 8. Let o(v) = 3*v**w + 5 + 6*v - v**2 - 3*v**2. Give o(6).
5
Let v(r) be the third derivative of -r**5/60 + 7*r**4/24 + r**3/3 + 9*r**2. What is v(6)?
8
Let c(b) be the third derivative of -b**5/60 + b**4/8 + b**3/3 - 2*b**2. What is c(4)?
-2
Suppose 5*v = -0*v. Suppose v = -4*i - 13 - 7. Let z(h) = -15 + h**2 + 9 + 2*h + 3*h. What is z(i)?
-6
Let u = 25 - 18. Let q(g) = 5 - u + 0 + 6*g - g**2. Determine q(4).
6
Let p(f) be the second derivative of f**6/360 + f**5/40 + f**4/4 - 2*f. Let s(c) be the third derivative of p(c). Suppose 4*q + 15 = -q. Determine s(q).
-3
Let p(c) = 7*c**3 + 3*c**2 + 8*c + 10. Let l(t) = 13*t**3 + 6*t**2 + 15*t + 19. Let i(f) = -6*l(f) + 11*p(f). Calculate i(-3).
2
Let q(i) be the first derivative of -i**3/3 - 5*i**2/2 - 2*i + 8. Give q(-6).
-8
Suppose 96 = 4*p + 4. Let j(w) = -22*w**2 + p*w**2 + 2 - 6. What is j(0)?
-4
Let j(m) = -3*m + 4*m - 2*m**2 + 6*m**2. Let a be j(1). Let c(y) = -y + 5. What is c(a)?
0
Let u(o) = -2*o. Let b(j) = -j - 8. Let g be b(6). Let t be (-15)/(-21) + (-4)/g. What is u(t)?
-2
Suppose 0 = 3*t + 3*m + 165, -2*t - 3*m = m + 116. Let y be t/(-14) - (-4)/14. Let h(v) = 2*v**2 - 6*v + 2. What is h(y)?
10
Let o(n) = 2*n + 328 - 331 - n. Determine o(-5).
-8
Let u(j) = -1. Suppose -i + 3 = -1. Let d be (-2 + 0)/(i/10). Let b(l) = l**2 - 7*l + 7. Let w(k) = d*u(k) - b(k). Give w(6).
4
Let d be (-8)/16*(-4 + 0). Let m(k) = -3 + d*k + 2*k**2 + 5*k**2 + 2 - 5*k**2. Let j = 0 + -2. Determine m(j).
3
Let s = -11 + 16. Let y be ((-4)/s)/((-2)/5). Let p(l) = 4 - l + y*l**2 - l**2 - 3*l - 1. Determine p(3).
0
Let d(x) = -52 + 3*x + 27 + 3*x**2 + 25. What is d(-2)?
6
